- -32) + -115 + 2 + 9 + -4.
-104
-13 - (25 + 1 + -10 - (4 + -4 - -6))
-23
11 - ((25 - 0) + -5)
-9
(6 - 102) + -42 + 20 + 2 + (-10 - -2)
-124
5 + (-57 - (-104 + 25))
27
96 + 1 + (-408 - -361)
50
What is the value of (14 - 31 - 0) + 5 + 1?
-11
What is 48 + 46 + -130 - 2?
-38
What is (46 - 50 - (1 - -3) - 18) + 2?
-24
What is 19 + (-4 - (25 + -14 - 16)) + 4?
24
What is 24 + (39 + -71 - -12) + 31?
35
-15 + (-19 - (13 + -6 - 27) - 5)
-19
Evaluate -4 + (-1 - -10) + -18 + -2 + 121 + 4.
110
What is the value of 88 + (-3 - (162 - 82))?
5
Calculate 22 + -26 + 15 - 91 - -5.
-75
What is the value of (-2 + -1 + (49 - 62) + 10 - 81) + 2?
-85
Evaluate (7 - 0) + 8 + -8 + -1 + (-46 - -25).
-15
What is the value of 9 + -3 + (-1 - 1 - (-106 + 65))?
45
Evaluate (-64 - 0) + (-21 - 4 - (58 - 83)).
-64
What is the value of 13 + -2 + 2 + -3620 + 3628?
21
Calculate 11 - ((21 - 36) + 18) - -42.
50
-5 - ((-38 + 28 - (3 + -9)) + 14)
-15
Evaluate (71 - 22) + -19 + -42.
-12
Calculate -2 + (-16 - 49) - -91.
24
What is 145 + -214 + 53 + (35 - -2)?
21
What is -17 + (-28 + 14 - -29) - (-76 - -3)?
71
Evaluate (-25 - -83 - 54) + 95.
99
What is the value of -142 + 127 - (36 - 35 - (-114 - (-2 - -4)))?
-132
What is the value of -113 + 22 - (-103 + 39)?
-27
Evaluate (-25 - -21) + (11 - 25) + 10 - 14.
-22
(2 - -14) + (-18 - (-23 - 55))
76
What is the value of -30 - (-15 + -42) - (1 - -7)?
19
Evaluate -9 + (2 - -7) + 12 + -14.
-2
Calculate 38 + (-27 - (15 + -49 + -5)).
50
Evaluate -4 + -3 + (-14 - -29) - (6 - 1).
3
Calculate (-8 + 9 - -8) + -3 + (41 - -2).
49
What is -2 - 4 - (8 + -14) - (217 + -249)?
32
Calculate (13 - -2) + -32 + 75 + -7.
51
What is 1 - (1 - 0 - (67 + -69))?
-2
What is the value of 2 - -109 - (-1715 + 1746)?
80
What is the value of (7 + 13 - 42) + 21 + 26?
25
(0 - 8) + (31 - (30 - (-32 - -43))) + -71
-67
63 - (-2 - 5) - (10 + 6) - 7
47
What is 1 - 9 - (33 + (-69 - (-10 + -27)))?
-9
What is -54 - (-47 + (91 - 63))?
-35
What is the value of 6 - (14 - (-49 + 20 + -12) - (1 - 1))?
-49
-4 + -36 + (-112 - -187) + 48
83
Evaluate 1 - (3 + -121) - (-7 - (-42 - -33)).
117
Calculate 33 + -27 + 14 + -63.
-43
What is the value of 5 + (-10 - -15) - ((7 - -17) + 13)?
-27
What is 32 + -125 + 98 + -1 + (98 - 3)?
99
What is the value of (-32 - -3 - (42 - 32)) + (-15 - -16)?
-38
20 - 20 - -20 - (-26 + -4)
50
Evaluate (-2 + 15 - (-325 - -350)) + -3 + (66 - 1).
50
Calculate 5 + -41 - (6 - 0 - (-4 - -9 - -10)).
-27
Calculate (9 - (5 - -8)) + 32 + -46 + 32.
14
Evaluate -33 + 31 + 17 - (-30 - (0 - 7)).
38
74 - (31 + (3 - 20) - 24)
84
What is the value of (0 - -21) + 1 + 2 + (-108 - -97) + 5?
18
Calculate (-2 - 10) + (39 - -28) + -40 + -78.
-63
Calculate -13 - -27 - 29 - (1 + -29).
13
What is (-12 - (7 + (-5 + -15 + 11 - 2))) + 64?
56
40 + -36 + -27 + -8
-31
-96 + 21 + -27 - (-6 - -14)
-110
Evaluate (53 - (105 - 64)) + (0 - 16).
-4
Calculate -10 - -80 - (2 - (-4 + 1)) - 13.
52
18 - (60 + -22) - (-4 - (-17 - -8))
-25
87 + (12 - (2 - 2) - (-2994 - -3016))
77
91 + (3 - -9 - -18 - 42) + (4 - 0)
83
Calculate (13 - -3) + (-32 - -31) + (42 - 3).
54
10 - (-56 + (1 - (3 + -4)) - 3)
67
Calculate 91 + (84 - 140) + 31.
66
What is the value of -57 - (-33 - -14) - (-38 + -18)?
18
What is the value of -15 - (5 - 158 - (48 + -74))?
112
What is 1 - 10 - (-63 - -63) - 0 - (5 + -4)?
-10
45 - (-102 + 70) - 163
-86
Evaluate -1 + -21 - (22 + 16 + -69 - -30).
-21
What is the value of (75 - -6) + (-591 - -594)?
84
Evaluate (48 - (128 + -90)) + (0 - 0) + -4 - 34.
-28
20 - 1 - 22 - 53 - (-2 + -14)
-40
Evaluate 22 - (16 + 0 + (44 - 11 - (2 + 42))).
17
What is -22 + 26 + 6 - 48?
-38
What is -3 - ((-3 - (5 - 20) - 2) + (0 - 61))?
48
31 + (-1 + 15 - -5) + 66 + -100
16
What is the value of 34 + 29 + 0 - 17?
46
What is (-1 - -7) + (-112 - -72 - -39)?
5
Calculate -132 + 183 + 53 - (25 - 3).
82
What is the value of 23 - ((-2374 - -2407) + 0 + -35)?
25
What is the value of -218 + (34 - (-120 + 37))?
-101
Calculate 43 + (-116 - (-107 - -62)).
-28
Evaluate (46 - 44) + 13 + -1 + -39 + -4.
-29
Calculate 61 + (41 - 42 - (-3 + 7 + 7)).
49
Evaluate 15 + (-19 - -20) - (-8 + 3 - 6).
27
What is 83 - (23 + 18 + 12)?
30
Calculate -428 - -393 - (1 + -12).
-24
Calculate (-32 + 3 - -9) + 1 + 2 + (13 - 10).
-14
What is the value of (-30 - -29) + 1 + (-1 - -2) - 23?
-22
What is the value of -109 - -1 - (26 - (56 - 38))?
-116
Calculate (-2 - -6 - (329 + -324)) + 21.
20
Evaluate -2 + (-9 - (-58 - -20 - 15)).
42
(9 + -25 - -32) + (38 - 73)
-19
What is the value of 0 + ((-3 - 1) + 5 + 12 - -4)?
17
24 - -1 - 14 - 35
-24
What is the value of -36 - (-13 - (-13 - (0 - (8 - -5))))?
-23
Evaluate -109 + 32 + 2 + 8.
-67
What is 2 - ((2 - 0) + -82 + 168 + -6 + 2)?
-82
Calculate 28 + (15 + (-24 - -12) - 8) - -9.
32
9 + (-18 - 0) + (129 - 155)
-35
What is the value of (-21 - (61 - 76)) + -4 + (-12 - (-5 - -1))?
-18
What is (-68 - -16) + -117 + 150?
-19
What is the value of 2 + -2 + -40 + (-34 - (-51 + 14))?
-37
What is (49 + (-1 - -1) - -3) + 25 + -18?
59
-17 + (-12 - (1 - 54 - -13)) + 70 + 0
81
Calculate (-474 - -508) + -41 + -5.
-12
What is (2 - -27) + (305 - 362)?
-28
-27 - 45 - -155 - 60
23
Calculate (-13 - (40 + -58)) + -17.
-12
What is 21 - (-93 + 93 + (-5 - -18))?
8
What is the value of (-2 - -1 - -24 - (126 + -117) - 9) + 9?
14
What is the value of -52 + 35 + (121 - 44)?
60
81 + -8 + (1 - -3) + (31 - (19 - 8))
97
66 + -75 + -70 - -19
-60
What is (46 - (7 + 23)) + (4 + -6 - 3)?
11
Calculate -31 + 0 - (6 + -52).
15
Calculate -71 - (-54 + -65 + 6).
42
What is the value of -53 + (2 - 7) + (-17 - (8 + -12 - 2))?
-69
-94 - (0 + (2 - 0) - (899 + -897) - -1)
-95
Calculate -8 - (43 + -8 + (16 - 10)).
-49
What is the value of -25 - (-63 - -74) - 20?
-56
33 - ((-11 - -11) + 16) - -7
24
What is 2 + (4 - (0 + 3)) + 40 + -117 + -4?
-78
What is -69 + 1 - (5 + 60 + -89)?
-44
73 + -187 + (19 - 1) - -5
-91
What is the value of -42 + (-59 - (7 - 71))?
-37
What is 13 + (-199 - -210) + 4 + -60 + -3?
-35
Evaluate -66 - (16 + (6 - -1 - (36 + -16))).
-69
Evaluate -1 + -7 - 27 - (-408 + 337).
36
Calculate 48 - 0 - (-8254 - -8314).
-12
Evaluate (7 - 0) + -12 + -1 - -8.
2
What is (-7 - (63 - 15 - 6)) + -21?
-70
49 + (-112 + 51 - -59)
47
Evaluate (25 - 1) + -1 + 0 + 2353 + -2347.
29
What is the value of (-80 - -53 - -13) + (-2 - 15)?
-31
Evaluate -54 - -30 - -12 - -15.
3
356 - 369 - (-1 - -45)
-57
1 - -35 - (12471 + -12448)
13
What is the value of -9 + -4 + 11 + 11 + 10?
19
Calculate (215 - 43) + -78 + -166.
-72
What is the value of 33 + -9 - 2 - 36 - 8?
-22
-3777 - -3757 - (-1 + 2)
-21
Evaluate -18 + (8 - ((12 - 13) + 1 - -34)).
-44
What is 225 - 233 - ((4 - 15) + 91)?
-88
What is -1 - -2 - (13 + (-2 - 13 - 4) - -4)?
3
Evaluate -5 + (-23 - -1) + 354 + -371.
-44
What is the value of -22 + 132 + -118 + -78 + 2 - (7 - 3)?
-88
What is the value of 15 + (37 - 2 - 33)?
17
What is -6 + 25 + -39 + 29?
9
What is (-196 - -195 - (-1 + -2 - -16)) + 6?
-8
Evaluate (-13 - -22 - 120) + 136 + -139.
-114
What is the value of (280 - (80 + 194)) + 11 + 1?
18
Evaluate 5 - ((21 + -13 - 11) + -31).
39
Calculate -8 + 32 + -17 + -4 + 0 + -40.
-37
What is (-24 - -31) + 35 - 47?
-5
-54 + (26 - -54) - (-23 - 0)
49
What is (-9 - 19) + -30 - -71?
13
-19 + 27 - 44 - 14 - -2
-48
(-4 - (-39 - -5)) + -66
-36
-18 - (33 - (-9 - -36))
-24
What is 1 + (445 + -446 - (-30 - 1))?
31
Calculate -23 - (436 + -392 + -16 + -3).
-48
-7 - -79 - (-892 + 978)
-14
Calculate -11 - -11 - 0 - (6 - ((1 - 3) + -1)).
-9
8 + -19 - -16 - (-62 + 12)
55
3 + (-34 + (56 - 15) - (1 - -1))
8
What is the value of -4 - -53 - (-513 + 551)?
11
Evaluate -11 + 0 + 53 - (-10 - -1 - -2).
49
Calculate 108 + 5 + 22 + (-6 - ((3 - 7) + 6)).
127
Evaluate (-1 - 0 - -1) + (-86 - (87 + -50 + -48)).
-75
Calculate (-7 - (2 + 10 + -24)) + 2 + -1 + -59.
-53
What is (-66 + -49 - -42) + 159?
86
What is the value of (-13 - -1) + -2 + (-1057 - -1216) + -3 + -45?
97
54 + -38 - (-10 - 5 - -8)
23
Evaluate (-3 - -6) + (-41 - -54) + (-14 - 6) - 94.
-98
(1 - 35) + (12 - -1) + 41
20
What is -18 + 72 + -127 + 210?
137
What is 5 + -122 - (54 + -67) - -28?
-76
Calculate 69 + (-7 - 0) - (1 - (-15 + 5)).
51
Calculate -23 + -41 + 27 + 72.
35
Evaluate -7 + 0 + 4 + -6 + (-55 + 107 - -49).
92
34 - (1 - 3) - (1545 - 1532) - 142
-119
What is -22 - (-47 + 11 - -30)?
-16
Wha